{"id":7,"date":"2024-03-01T18:37:04","date_gmt":"2024-03-01T18:37:04","guid":{"rendered":"https:\/\/costaconstrucoes.pt\/wp\/?page_id=7"},"modified":"2024-03-04T12:50:57","modified_gmt":"2024-03-04T12:50:57","slug":"about","status":"publish","type":"page","link":"https:\/\/costaconstrucoes.pt\/home\/about\/","title":{"rendered":"Sobre N\u00f3s"},"content":{"rendered":"\n<p>Empresa de contru\u00e7\u00e3o e remodela\u00e7\u00f5es, operamos principalmente na regi\u00e3o da Area Metropolitana de Lisboa. Atuamos em diversos trabalhos de constru\u00e7\u00e3o\/remodela\u00e7\u00e3o sendo os nossos or\u00e7amentos gratuitos*<\/p>\n","protected":false},"excerpt":{"rendered":"<p>Empresa de contru\u00e7\u00e3o e remodela\u00e7\u00f5es, operamos principalmente na regi\u00e3o da Area Metropolitana de Lisboa. Atuamos em diversos trabalhos de constru\u00e7\u00e3o\/remodela\u00e7\u00e3o sendo os nossos or\u00e7amentos gratuitos*<\/p>\n","protected":false},"author":1,"featured_media":0,"parent":0,"menu_order":0,"comment_status":"closed","ping_status":"closed","template":"","meta":{"footnotes":""},"class_list":["post-7","page","type-page","status-publish","hentry"],"_links":{"self":[{"href":"https:\/\/costaconstrucoes.pt\/home\/wp-json\/wp\/v2\/pages\/7","targetHints":{"allow":["GET"]}}],"collection":[{"href":"https:\/\/costaconstrucoes.pt\/home\/wp-json\/wp\/v2\/pages"}],"about":[{"href":"https:\/\/costaconstrucoes.pt\/home\/wp-json\/wp\/v2\/types\/page"}],"author":[{"embeddable":true,"href":"https:\/\/costaconstrucoes.pt\/home\/wp-json\/wp\/v2\/users\/1"}],"replies":[{"embeddable":true,"href":"https:\/\/costaconstrucoes.pt\/home\/wp-json\/wp\/v2\/comments?post=7"}],"version-history":[{"count":4,"href":"https:\/\/costaconstrucoes.pt\/home\/wp-json\/wp\/v2\/pages\/7\/revisions"}],"predecessor-version":[{"id":77,"href":"https:\/\/costaconstrucoes.pt\/home\/wp-json\/wp\/v2\/pages\/7\/revisions\/77"}],"wp:attachment":[{"href":"https:\/\/costaconstrucoes.pt\/home\/wp-json\/wp\/v2\/media?parent=7"}],"curies":[{"name":"wp","href":"https:\/\/api.w.org\/{rel}","templated":true}]}}